osite?
True
Is 8590609 a composite number?
True
Is 3673267 composite?
True
Is 56221141 prime?
True
Is 24806017 composite?
False
Is 3346709 prime?
True
Is 106866977 prime?
False
Is 687047 prime?
False
Is 2211347 composite?
False
Is 7743269 a composite number?
True
Is 30345697 prime?
False
Is 18187 a composite number?
True
Is 5482447 a prime number?
True
Is 24132677 a composite number?
False
Is 216869263 a composite number?
True
Is 44953871 composite?
False
Is 38637817 prime?
False
Is 15889259 a composite number?
True
Is 149146147 prime?
False
Is 916897 a composite number?
True
Is 467736199 a composite number?
True
Is 57149987 prime?
True
Is 94468265 prime?
False
Is 33817691 a prime number?
False
Is 86062883 a composite number?
False
Is 19956931 a composite number?
True
Is 2303683 prime?
False
Is 18319751 prime?
True
Is 9759571 a composite number?
False
Is 261770879 a prime number?
False
Is 266239 a composite number?
False
Is 6006905 prime?
False
Is 25794739 a composite number?
True
Is 403142789 composite?
True
Is 14592697 composite?
True
Is 12117551 a prime number?
True
Is 15112939 prime?
True
Is 242642 prime?
False
Is 880211 a composite number?
False
Is 165959527 prime?
True
Is 24876745 a composite number?
True
Is 1507757 composite?
True
Is 17116849 prime?
False
Is 5056655 composite?
True
Is 3525869 prime?
True
Is 32467 a composite number?
False
Is 11027957 composite?
False
Is 501048959 a composite number?
True
Is 34579459 a prime number?
True
Is 222899 prime?
False
Is 168761 composite?
False
Is 7019323 a composite number?
True
Is 550083971 a prime number?
True
Is 138164893 composite?
True
Is 115010941 a prime number?
True
Is 40202623 a prime number?
True
Is 20529373 composite?
False
Is 75590633 composite?
True
Is 142657 a prime number?
True
Is 198556637 composite?
False
Is 6769183 a composite number?
True
Is 10247623 composite?
False
Is 1803419 composite?
False
Is 20857607 prime?
False
Is 7660573 prime?
True
Is 4432319 a prime number?
False
Is 2060719 a prime number?
False
Is 1259641 prime?
False
Is 189404999 composite?
True
Is 20160701 a prime number?
False
Is 19490869 a composite number?
True
Is 14634649 a prime number?
True
Is 53198293 prime?
False
Is 23667055 a prime number?
False
Is 62651111 composite?
False
Is 601369709 a composite number?
False
Is 91644023 a prime number?
True
Is 8173343 a prime number?
False
Is 39714887 composite?
False
Is 54191989 composite?
False
Is 4168937 a prime number?
False
Is 364979969 a composite number?
False
Is 935306779 a prime number?
False
Is 3009023 a prime number?
True
Is 133040965 composite?
True
Is 2613211 prime?
True
Is 71494987 composite?
True
Is 47136809 composite?
False
Is 108556051 a prime number?
True
Is 281291 a prime number?
True
Is 118640453 a prime number?
True
Is 10859731 a composite number?
False
Is 11661361 composite?
False
Is 928139 a composite number?
False
Is 300471967 a composite number?
True
Is 228705419 a prime number?
True
Is 279494519 a prime number?
False
Is 381977 composite?
False
Is 113540473 a prime number?
False
Is 1658219 a prime number?
False
Is 34522939 composite?
True
Is 2360201 a prime number?
True
Is 1813013 a composite number?
True
Is 1653167 prime?
True
Is 172787 a composite number?
False
Is 2531447 a composite number?
True
Is 2647597 a prime number?
False
Is 8722169 composite?
False
Is 2740987 composite?
False
Is 26971369 a composite number?
False
Is 7179514 prime?
False
Is 1611669595 a composite number?
True
Is 82085609 a prime number?
True
Is 204047 prime?
True
Is 63295499 a prime number?
True
Is 609143 a prime number?
True
Is 2935391 a prime number?
True
Is 129600395 composite?
True
Is 1027687697 a composite number?
False
Is 585334931 composite?
True
Is 96977029 prime?
False
Is 28719877 composite?
True
Is 2976329 composite?
False
Is 8206403 a prime number?
True
Is 4504661 a prime number?
False
Is 713597 prime?
True
Is 167074693 a prime number?
True
Is 3403951 prime?
True
Is 11725334 a prime number?
False
Is 235326781 a prime number?
False
Is 2733383 prime?
False
Is 1737461 a prime number?
False
Is 329361313 a composite number?
True
Is 16007477 composite?
False
Is 19958039 a composite number?
False
Is 51482471 composite?
False
Is 18202781 a prime number?
True
Is 580301299 prime?
True
Is 1055497 a prime number?
False
Is 36301261 composite?
True
Is 134046433 a prime number?
False
Is 44879 a composite number?
False
Is 186963967 composite?
False
Is 31365759 a composite number?
True
Is 20260847 prime?
False
Is 170591 a prime number?
False
Is 198640387 a composite number?
True
Is 17975149 composite?
False
Is 18880597 a composite number?
True
Is 996749 a prime number?
False
Is 42031 a prime number?
False
Is 7999151 composite?
False
Is 10691081 a prime number?
True
Is 142541951 a composite number?
False
Is 272653 prime?
False
Is 73559 a prime number?
False
Is 19869431 prime?
False
Is 822247961 composite?
False
Is 15912109 prime?
False
Is 11278961 prime?
False
Is 599467 a prime number?
False
Is 72613 a composite number?
False
Is 1869079 a composite number?
True
Is 62463571 a composite number?
True
Is 82757 prime?
True
Is 8098802 composite?
True
Is 16619305 a prime number?
False
Is 70010702 a prime number?
False
Is 12045893 composite?
True
Is 66304481 a composite number?
True
Is 577321 a prime number?
False
Is 2040683 a composite number?
True
Is 277672531 composite?
True
Is 99637271 a prime number?
True
Is 44073219 prime?
False
Is 303944183 composite?
True
Is 30507121 prime?
True
Is 325482897 composite?
True
Is 1755401077 prime?
True
Is 1335067 a composite number?
False
Is 41967317 composite?
True
Is 22423537 prime?
True
Is 10901543 composite?
False
Is 3163459 composite?
True
Is 32591497 composite?
False
Is 36655163 composite?
False
Is 992299351 a composite number?
True
Is 1549201 a prime number?
False
Is 79882899 composite?
True
Is 1196007 a prime number?
False
Is 17188807 a composite number?
False
Is 26722463 composite?
False
Is 369850633 composite?
False
Is 15872381 a composite number?
True
Is 14591419 a composite number?
True
Is 69706079 a prime number?
False
Is 12273571 composite?
False
Is 11963417 a composite number?
True
Is 17973299 prime?
False
Is 10307597 composite?
True
Is 35002307 composite?
False
Is 109288279 prime?
False
Is 161993983 a composite number?
True
Is 1921739 a composite number?
False
Is 375743 a composite number?
False
Is 106312861 a prime number?
True
Is 18222845 a composite number?
True
Is 218029559 a prime number?
False
Is 935581 a prime number?
True
Is 12114994 a composite number?
True
Is 12659 composite?
False
Is 88378651 prime?
True
Is 7816645 a composite number?
True
Is 291331 a prime number?
True
Is 7088897 composite?
False
Is 8652947 composite?
False
Is 127103879 a prime number?
False
Is 159975917 prime?
True
Is 141965779 a prime number?
True
Is 3624721 prime?
True
Is 10411073 composite?
False
Is 49154867 a composite number?
False
Is 431513 composite?
False
Is 998617 composite?
False
Is 3318713 prime?
False
Is 193362713 prime?
False
Is 12299587 composite?
False
Is 29863901 a prime number?
True
Is 3944807 prime?
True
Is 224781611 a prime number?
True
Is 4393309 composite?
False
Is 516326851 a prime number?
False
Is 3714973 a prime number?
True
Is 185837381 composite?
False
Is 22662283 composite?
True
Is 62225939 a composite number?
False
Is 11446693 a composite number?
False
Is 707911 a prime number?
True
Is 1962991 prime?
True
Is 26061571 composite?
True
Is 165228911 composite?
True
Is 2963743 prime?
True
Is 10213031 prime?
True
Is 12498911 a prime number?
False
Is 23331233 a composite number?
True
Is 18493 a prime number?
True
Is 9995171 a prime number?
False
Is 16491379 a composite number?
False
Is 6753727 composite?
False
Is 8409833 composite?
True
Is 2267281 prime?
True
Is 3704917 a prime number?
False
Is 8099171 prime?
False
Is 469617 prime?
False
Is 3649129 a composite number?
True
Is 232595889 prime?
False
Is 3799091 a prime number?
False
Is 1834585 prime?
False
Is 15035747 a composite number?
True
Is 673367099 composite?
True
Is 1565237 a composite number?
True
Is 4098595 a composite number?
True
Is 50474737 a composite number?
False
Is 1186201 a composite number?
True
Is 14958967 a composite number?
True
Is 5603113 composite?
T